 + q - 1. Let n(f) = i(f) + 5*s(f). Suppose -4*j = t, 2*j - 4 = 2*t + 6. Determine n(j).
-2
Suppose 2*u - 7 = -3. Let s(t) = -25*t**2 + t - 6*t + 24*t**u. What is s(-6)?
-6
Let f(s) = 5*s. Suppose -3*b - 2 = -4*b. Suppose -b*k + 3 + 51 = 0. Let n = -29 + k. Calculate f(n).
-10
Let d(t) = -t**2 + 3*t - 6. Let g be d(3). Let z = g + 6. Let u(k) = -14 + 0*k + 5 + k. What is u(z)?
-9
Let k(q) = -q**2 + q - 27 + 26 + 4*q + 20. Give k(7).
5
Let a(y) be the first derivative of -10*y**3/3 + y + 393. Let z(u) = u**2 + 6*u - 9. Let g be z(-7). Let i be -1 + (1 - 3 - g). Give a(i).
-9
Let g(f) = -37*f**2 + 259*f - 10. Let x be g(7). Let b(s) = s + 15. What is b(x)?
5
Let j(f) be the third derivative of -f**4/24 - 2*f**3/3 + 55*f**2. Determine j(4).
-8
Suppose 8*b - 38 = 34. Let y(v) = -4 - b*v**2 - 5*v + 2*v**2 + 6*v**2. What is y(-6)?
-10
Let g(s) = -3 + 0 + 5 - 5*s + 2*s**2 - 3 + 6. Give g(4).
17
Let d be ((24/(-30))/1)/((-2)/15). Suppose -d = 4*a - 22. Let b(p) be the second derivative of -p**4/12 + p**3/3 + 5*p**2/2 + 2*p. Determine b(a).
-3
Let z(w) be the first derivative of -2*w**2 - 1/120*w**6 - 1/8*w**4 - 2 - 1/12*w**5 + 0*w + 2/3*w**3. Let o(d) be the second derivative of z(d). Give o(-4).
0
Let h(o) = -23*o - 19*o + 48*o. Determine h(-4).
-24
Let q(w) = 31*w - 566. Let v be q(19). Let f(c) = -c**3 + 23*c**2 - c + 32. Determine f(v).
9
Let n(q) = 5*q - 3 - 21324*q**3 - 6*q**2 + 21325*q**3 + 9. Give n(5).
6
Let s = -70 + 68. Let z(y) = y**3 - y**2 - 2*y - 3. Give z(s).
-11
Let o(x) = x**2 + 5*x + 1. Suppose 3*s + 3 = 5*i - 3, 4*s + 5*i = -8. Let r be (-28)/(-6)*3/4*s. Determine o(r).
15
Suppose 2*r + 3*a - 6 = 0, r + 4*a = -3*r + 8. Suppose 8 = -4*m + 8*m. Let o(n) = n**m - n - 4 - 1 - 4*n**3 + 3*n**3 + 1. What is o(r)?
-4
Let v be ((-6)/(-4))/((-34)/(-68)). Let d(w) = -2*w**2 + 3*w + 3. Calculate d(v).
-6
Let n(h) = h**3 + 5*h**2 - 2*h - 6. Suppose 11*q = -o + 6*q - 4, o + q + 4 = 0. Calculate n(o).
18
Let h(p) = p**2 - p - 32. Suppose x = -3*l - 12, 3*x + 119*l - 117*l + 8 = 0. Give h(x).
-32
Let z be (36/(-9))/(3/6). Let w = 15 + z. Let d(r) = -11*r + 4 + 2*r**2 + 3*r - r**2. Calculate d(w).
-3
Let k(o) = -o - 14. Suppose 9 = 82*a - 83*a. What is k(a)?
-5
Let k = 56 + -55. Let c(f) = f**2 - 5*f + 8. Let x(u) = u + 1. Let l(g) = k*c(g) + 6*x(g). What is l(0)?
14
Let s(i) = -i - 1. Let c = 11 + -13. Let b be c*2/(-4) - 20. Let l = b + 17. What is s(l)?
1
Suppose 4*j - 5*j + 41 = 0. Let f(c) = c - 36 + 77 - j. What is f(1)?
1
Let d(b) = 10*b**2 + 6*b - 15. Let u(p) = -9*p**2 - 5*p + 14. Let f(y) = 5*d(y) + 6*u(y). Let v(x) = x**2 - 2. Let a(j) = 2*f(j) + 9*v(j). Give a(0).
0
Let v(k) = 1. Suppose 34 = 2*f + 22. Let x(j) = 5*j - 14. Let c(z) = f*v(z) + x(z). Give c(6).
22
Let y(o) = o**3 + 4*o**2 - 5*o + 9. Suppose 0 = -13*f + 10*f - 15. Let r be y(f). Let g be r/6 + (-6)/12. Let m(k) = -3*k**3 - k. Calculate m(g).
-4
Suppose 43*g = -157 - 101. Let z(d) = -d**2 - d + 8. Give z(g).
-22
Let u(y) = -14*y + y**3 - 6 + 0*y**3 + 13*y. Let k be u(0). Let j(v) = -3*v - 8. Calculate j(k).
10
Suppose 48 = -3*k + 24. Let w = k + 10. Let c(m) = 0*m**2 - m**3 + 4 - 6*m**2 + 2*m**w. Give c(-3).
-5
Let m = -33 - -39. Let t(c) = 7 - m - c**2 - c**3 + c + 0*c**3. Let k(l) = 3*l**3 - 5*l - 3. Let u(d) = -k(d) - 4*t(d). Give u(-3).
5
Suppose 4*k = 9*k - 20. Suppose -f = 4*v - 0 + 9, 16 = -k*v. Suppose f*m = 10*m - 12. Let g(y) = 2*y**2 - 5*y - 3. Calculate g(m).
9
Let h(y) = y**2 + 10*y + 3. Let f(w) = 4*w**2 + w + 1. Let i be f(-1). Suppose 3*c + 47 = i*r, 5*r = -2*c + 3 + 4. Give h(c).
-6
Let a = -8 - 0. Let l = a + 11. Let i(f) = l*f + 1 + f + 0 - 6*f. What is i(-3)?
7
Let d(y) = 4*y + 5. Let o(h) = -3*h - 6. Let x(a) = -2*d(a) - 3*o(a). Let c = 23 - 11. Let z = -18 + c. Determine x(z).
2
Suppose -3*i = 4*i + 7. Let p(o) = 3*o**2 + 2*o + 1. Determine p(i).
2
Let d(t) be the second derivative of -2*t**2 + 0 + 1/6*t**3 - 16*t. Calculate d(-4).
-8
Let v be (11/((-33)/(-126)))/(4/(-6)). Let n = v + 68. Let k(d) = -d**3 + 6*d**2 - 7*d + 3. Calculate k(n).
-7
Suppose 27*f = 37*f - 40. Let i(t) be the first derivative of 2*t**3/3 - 5*t**2/2 - 4*t + 1. Determine i(f).
8
Let v(s) = -4*s - 2. Let o(k) = 3*k + 3. Let t(h) = 3*o(h) + 2*v(h). Let q be ((-81)/12)/(4/(-16)). Suppose q = -4*g + r, 0 + 9 = -3*g - 3*r. Give t(g).
-1
Let x(k) be the third derivative of k**6/120 - k**5/10 - 7*k**4/24 - k**3 + 106*k**2. Determine x(7).
-6
Let y(b) = -5*b**2 - 8*b + 15. Let j(q) = -q**2 - 2*q + 2. Let v(x) = -6*j(x) + y(x). Calculate v(-5).
8
Suppose 6*y - 36 = -6*y. Let u(c) = -c**3 + 6*c**2 + 3*c - 5 - y*c - 1 - c. Calculate u(6).
-12
Let s(v) be the second derivative of 5*v**3/6 + 2*v**2 + 48*v. Let k(o) = -3*o - 3. Let c(i) = -3*k(i) - 2*s(i). Give c(5).
-4
Let u = -1035 - -1039. Let i(j) = -4*j + 8. Give i(u).
-8
Let c(b) = -13*b**2 - 37*b - 25. Let o(m) = 3*m**2 + 9*m + 6. Let r be 0 + -3 + 1 - 18. Let u = -22 - r. Let j(a) = u*c(a) - 9*o(a). Give j(-7).
-4
Let g(q) = q - 1. Let z(w) = -5*w - 4. Let d(k) = 6*g(k) + z(k). Let o(p) = p**3 + 8*p**2 - 2*p - 10. Let m be o(-8). Suppose -4*b + 18 + m = 0. Determine d(b).
-4
Suppose -9*z + 13*z - 16 = 0. Let c = z - 4. Let a(b) be the first derivative of b**4/4 - b**3/3 - b**2/2 + 1. Determine a(c).
0
Let c(x) = -x**3 + x**2 + x - 2. Suppose 23 = -2*s - 75. Let w = s - -51. Calculate c(w).
-4
Let o(v) = -2*v + 1. Suppose h - 30 = -5*h. Suppose 2*d + 3 = h*d. What is o(d)?
-1
Suppose -2 - 9 = 3*f + 4*j, 2*f + 19 = -5*j. Let c(g) = -2*g**3 + 2*g + 9. Let r(d) = -d**3 + d + 4. Let l(m) = -3*c(m) + 7*r(m). Calculate l(f).
-23
Let p = -745 - -748. Let o(d) = 3*d**2 + 2 - d**3 + 0*d**2 - 3*d + d. Give o(p).
-4
Let i(v) = -2*v - 1. Let u be i(2). Let q(d) = 11*d + 25. Let c(j) = 4*j + 9. Let g(h) = -8*c(h) + 3*q(h). Give g(u).
-2
Suppose -3*o - 4*w = -2*o - 25, 4*w = 4*o. Suppose i + 0*i - o = 0. Let d(c) = c**3 + 119*c**2 + 126*c**2 + 4 - 2*c - 250*c**2. Calculate d(i).
-6
Suppose -95 = -11*d - 73. Let r(i) = -i - 1. Calculate r(d).
-3
Let b(h) = 6*h**3 - h + 1. Let a be 5/(-1)*14/(-70). Let t(c) = 4*c - 3. Let m be t(a). Give b(m).
6
Let k(r) = -r**2 + 4*r + 5. Let j be 212/4*(1 + 0). Let x = 58 - j. Determine k(x).
0
Let z(y) = -2*y**3 - 2*y**2 + 2*y + 1. Let i be z(-2). Let u(m) be the first derivative of 1/3*m**3 - m - 2*m**2 + 36. Give u(i).
4
Let u(f) = -f**2 - f + 1. Let t = -17 + 17. Let s be u(t). Let h(w) = -s - 1 + 4 - w. Give h(0).
2
Let y be (-4)/20*70/(-2). Let p(h) = -10*h + y - 449*h**2 - 2 + 450*h**2. What is p(8)?
-11
Let p(o) = -o**3 + 6*o**2 - 8*o + 4. Let v be p(3). Let z(w) be the third derivative of -w**4/24 - w**3/6 + w**2. Calculate z(v).
-8
Let h(t) be the second derivative of t**4/6 + 5*t**3/6 + 90*t. Give h(-4).
12
Let r = -24 - -22. Let k(i) = i + 1. Let f be 4/(-10) - (-15)/(-25). Let z(n) = -2*n**2 + 7*n + 6. Let v(q) = f*z(q) + 4*k(q). Give v(r).
12
Let u(p) be the third derivative of 1/12*p**4 + 1/2*p**3 + 0*p + 0 + 3*p**2. Suppose -y - 3 + 0 = 0. What is u(y)?
-3
Let v(b) be the first derivative of b**3 - b**2/2 - 323. Suppose -20 = 4*n + 5*l + 3, -4*l - 4 = -4*n. Give v(n).
14
Let g(k) = k**3 - 15*k**2 - 17*k - 11. Let a = 1391 - 1375. What is g(a)?
-27
Let u(m) = -7 - 3*m + 2*m - 1 + 3*m - 4*m. Give u(5).
-18
Suppose 7*t - 13 - 1 = 0. Let k(s) = -6*s**t + 5*s**2 - 7 + 2*s**2 - 3*s. Give k(6).
11
Let v(w) = 2*w + 26. Suppose 2*f + o = 3*o - 24, 2*o + 39 = -5*f. What is v(f)?
8
Suppose -76*i + 292 = -468. Let x(p) = 4*p - 14. What is x(i)?
26
Let u(m) be the third derivative of -3*m**5/4 + m**4/12 + m**3/6 - 2*m**2 + 148*m. What is u(-1)?
-46
Let z(j) be the first derivative of 2*j**2 - 5*j - 6. Suppose -4*g = g + 4*f, 0 = -4*g - 4*f - 4. Calculate z(g).
11
Let o(r) = r**3 + 8*r**2 + 9*r - 9. Let y be ((-6)/(-3))/(-5 + (-795)/(-160)). Let v = y + 57. Calculate o(v).
-23
Suppose 0 = r - 2*n + 6, 3*r = -2*n + n + 10. Let u(h) = -3*h**2 - 2*h. What is u(r)?
-16
Let u(b) = 3*b + 5 + 4*b**2 + 17*b**3 - 5*b**3 - 13*b**3. Suppose -52 + 62 = 2*g. Determine u(g).
-5
Let s(n) = -458*n + 458*n + 1 + 4*n**2 - 12 - 3*n**2. Determine s(5).
14
Suppose z = p - 4, 2*z - 3*p + 0*p + 11 = 0. Let k(o) = -15*o**3 - 2*o**2 + 1. Determine k(z).
14
Suppose 3*o - 2*u - 13 = 0, 5*u + 8 = 3*o - 2. Let p(s) be the first derivativ